nds digit of 1035523598?
5
What is the tens digit of 401772848?
4
What is the units digit of 81584263?
3
What is the tens digit of 430516887?
8
What is the tens digit of 4557970597?
9
What is the ten thousands digit of 59192900?
9
What is the hundreds digit of 31707392?
3
What is the millions digit of 28743372?
8
What is the units digit of 205958849?
9
What is the ten thousands digit of 415000351?
0
What is the tens digit of 612815434?
3
What is the millions digit of 2301095867?
1
What is the tens digit of 120684045?
4
What is the ten millions digit of 1295879544?
9
What is the billions digit of 1479892274?
1
What is the tens digit of 1717725962?
6
What is the ten millions digit of 80382053?
8
What is the tens digit of 3798105170?
7
What is the ten millions digit of 38548664?
3
What is the tens digit of 736173671?
7
What is the ten thousands digit of 147574543?
7
What is the millions digit of 384655676?
4
What is the hundred millions digit of 537953006?
5
What is the billions digit of 7747663998?
7
What is the millions digit of 359952582?
9
What is the millions digit of 41354504?
1
What is the hundreds digit of 5301235147?
1
What is the ten thousands digit of 927863302?
6
What is the ten millions digit of 1718384623?
1
What is the millions digit of 542471248?
2
What is the thousands digit of 87377262?
7
What is the hundreds digit of 372784275?
2
What is the hundreds digit of 1095562788?
7
What is the ten thousands digit of 5571669?
7
What is the thousands digit of 1337420753?
0
What is the hundred thousands digit of 78213990?
2
What is the hundred thousands digit of 172883431?
8
What is the tens digit of 105340741?
4
What is the thousands digit of 12639130?
9
What is the thousands digit of 2050158040?
8
What is the hundred thousands digit of 22039147?
0
What is the units digit of 1854643?
3
What is the ten millions digit of 69674890?
6
What is the millions digit of 982081789?
2
What is the units digit of 57287138?
8
What is the hundred millions digit of 412512938?
4
What is the ten millions digit of 1211988517?
1
What is the tens digit of 2973756223?
2
What is the tens digit of 82270360?
6
What is the units digit of 139434213?
3
What is the hundred thousands digit of 97577158?
5
What is the ten millions digit of 5238554076?
3
What is the ten millions digit of 308857580?
0
What is the thousands digit of 621001409?
1
What is the hundred thousands digit of 92685324?
6
What is the millions digit of 82012923?
2
What is the hundred millions digit of 239992249?
2
What is the ten thousands digit of 1222969825?
6
What is the hundreds digit of 59546703?
7
What is the hundreds digit of 319428739?
7
What is the tens digit of 320594622?
2
What is the thousands digit of 102365328?
5
What is the units digit of 112444309?
9
What is the billions digit of 5343110631?
5
What is the ten thousands digit of 42520373?
2
What is the millions digit of 667887451?
7
What is the tens digit of 577099411?
1
What is the units digit of 1175105597?
7
What is the ten thousands digit of 477864784?
6
What is the units digit of 39588694?
4
What is the units digit of 435900726?
6
What is the hundred thousands digit of 8440336?
4
What is the hundreds digit of 1028328296?
2
What is the units digit of 465239872?
2
What is the ten thousands digit of 77929099?
2
What is the millions digit of 2964122214?
4
What is the hundred millions digit of 2028423969?
0
What is the tens digit of 30254221?
2
What is the hundred millions digit of 488577697?
4
What is the hundreds digit of 206967598?
5
What is the thousands digit of 108839267?
9
What is the hundreds digit of 2361872744?
7
What is the millions digit of 166660975?
6
What is the ten thousands digit of 779343059?
4
What is the hundreds digit of 169073630?
6
What is the ten thousands digit of 47456231?
5
What is the hundred millions digit of 1868970233?
8
What is the hundreds digit of 6922349?
3
What is the hundreds digit of 865779828?
8
What is the ten millions digit of 104637911?
0
What is the hundred thousands digit of 30274814?
2
What is the tens digit of 57153272?
7
What is the millions digit of 6678918249?
8
What is the tens digit of 21212465?
6
What is the hundreds digit of 146582145?
1
What is the ten thousands digit of 280182722?
8
What is the millions digit of 91061589?
1
What is the ten millions digit of 123030692?
2
What is the units digit of 116607258?
8
What is the hundreds digit of 11192835?
8
What is the hundred thousands digit of 68406962?
4
What is the thousands digit of 20663317?
3
What is the ten thousands digit of 23733747?
3
What is the units digit of 571940901?
1
What is the hundred millions digit of 1238110954?
2
What is the ten millions digit of 217922649?
1
What is the hundreds digit of 1670054584?
5
What is the ten millions digit of 66126668?
6
What is the thousands digit of 581520086?
0
What is the hundreds digit of 222061634?
6
What is the hundreds digit of 119173846?
8
What is the hundred millions digit of 281972534?
2
What is the millions digit of 2606866989?
6
What is the ten thousands digit of 109006300?
0
What is the billions digit of 5916850115?
5
What is the ten thousands digit of 333211342?
1
What is the tens digit of 2869655141?
4
What is the units digit of 2928704685?
5
What is the hundreds digit of 8363751223?
2
What is the hundred thousands digit of 27754136?
7
What is the hundred thousands digit of 3141099?
1
What is the millions digit of 119387641?
9
What is the ten thousands digit of 723302415?
0
What is the hundreds digit of 180645539?
5
What is the hundred millions digit of 1985989697?
9
What is the hundreds digit of 38946297?
2
What is the units digit of 532088332?
2
What is the thousands digit of 401802983?
2
What is the units digit of 1064514611?
1
What is the ten millions digit of 636301133?
3
What is the millions digit of 70847759?
0
What is the units digit of 172943117?
7
What is the thousands digit of 5354618151?
8
What is the hundred thousands digit of 763225875?
2
What is the hundred millions digit of 117437518?
1
What is the thousands digit of 32006789?
6
What is the thousands digit of 451890064?
0
What is the ten millions digit of 102702991?
0
What is the thousands digit of 1498635703?
5
What is the ten millions digit of 283586614?
8
What is the hundred thousands digit of 710940993?
9
What is the hundred thousands digit of 2406559333?
5
What is the hundred thousands digit of 73624378?
6
What is the ten thousands digit of 264836685?
3
What is the units digit of 410683039?
9
What is the thousands digit of 3655378554?
8
What is the ten millions digit of 71236032?
7
What is the hundred thousands digit of 571458989?
4
What is the tens digit of 830389616?
1
What is the hundreds digit of 17204233?
2
What is the hundred millions digit of 567780121?
5
What is the thousands digit of 137445544?
5
What is the hundred thousands digit of 14948986?
9
What is the units digit of 919432983?
3
What is the thousands digit of 286577729?
7
What is the thousands digit of 31701521?
1
What is the ten thousands digit of 56710652?
1
What is the hundred millions digit of 114628811?
1
What is the units digit of 2250121464?
4
What is the ten millions digit of 1212185947?
1
What is the hundred thousands digit of 15671002?
6
What is the tens digit of 1205904457?
5
What is the hundred thousands digit of 1474854793?
8
What is the units digit of 335754200?
0
What is the hundred thousands digit of 748253603?
2
What is the millions digit of 2661683?
2
What is the hundred thousands digit of 3025685659?
6
What is the hundreds digit of 1296646698?
6
What is the units digit of 352068648?
8
What is the hundred millions digit of 107229930?
1
What is the hundred thousands digit of 7094912961?
9
What is the units digit of 591780185?
5
What is the units digit of 41031015?
5
What is the hundred thousands digit of 57054369?
0
What is the hundred thousands digit of 40254423?
2
What is the ten millions digit of 131844543?
3
What is the thousands digit of 1658275730?
5
What is the ten thousands digit of 79241000?
4
What is the units digit of 1798594795?
5
What is the millions digit of 379263881?
9
What is the hundred millions digit of 574157840?
5
What is the billions digit of 1457067181?
1
What is the tens digit of 317325796?
9
